en 153 is divided by 14?
13
Calculate the remainder when 103 is divided by 24.
7
What is the remainder when 574 is divided by 34?
30
Calculate the remainder when 307 is divided by 100.
7
What is the remainder when 414 is divided by 202?
10
What is the remainder when 108 is divided by 38?
32
Calculate the remainder when 33 is divided by 19.
14
Calculate the remainder when 11 is divided by 11.
0
What is the remainder when 344 is divided by 51?
38
What is the remainder when 59 is divided by 28?
3
What is the remainder when 500 is divided by 66?
38
Calculate the remainder when 7759 is divided by 20.
19
Calculate the remainder when 334 is divided by 67.
66
What is the remainder when 201 is divided by 17?
14
What is the remainder when 10902 is divided by 376?
374
Calculate the remainder when 68 is divided by 8.
4
What is the remainder when 508 is divided by 57?
52
What is the remainder when 1988 is divided by 9?
8
What is the remainder when 3219 is divided by 140?
139
What is the remainder when 288 is divided by 22?
2
What is the remainder when 412 is divided by 268?
144
Calculate the remainder when 1663 is divided by 184.
7
What is the remainder when 274 is divided by 40?
34
What is the remainder when 382 is divided by 45?
22
What is the remainder when 1173 is divided by 6?
3
What is the remainder when 1923 is divided by 77?
75
Calculate the remainder when 357 is divided by 239.
118
What is the remainder when 767 is divided by 742?
25
What is the remainder when 107 is divided by 56?
51
Calculate the remainder when 341 is divided by 18.
17
Calculate the remainder when 795 is divided by 140.
95
Calculate the remainder when 1386 is divided by 54.
36
What is the remainder when 740 is divided by 53?
51
What is the remainder when 220 is divided by 45?
40
What is the remainder when 59 is divided by 18?
5
What is the remainder when 153 is divided by 28?
13
What is the remainder when 407 is divided by 93?
35
What is the remainder when 382 is divided by 4?
2
Calculate the remainder when 461 is divided by 356.
105
What is the remainder when 676 is divided by 51?
13
Calculate the remainder when 50 is divided by 28.
22
What is the remainder when 1283 is divided by 352?
227
What is the remainder when 495 is divided by 22?
11
What is the remainder when 103 is divided by 39?
25
What is the remainder when 290 is divided by 42?
38
Calculate the remainder when 81 is divided by 14.
11
What is the remainder when 461 is divided by 16?
13
What is the remainder when 4607 is divided by 18?
17
What is the remainder when 138 is divided by 8?
2
Calculate the remainder when 2239 is divided by 204.
199
Calculate the remainder when 178 is divided by 30.
28
What is the remainder when 1999 is divided by 153?
10
What is the remainder when 1896 is divided by 73?
71
What is the remainder when 411 is divided by 60?
51
Calculate the remainder when 725 is divided by 28.
25
What is the remainder when 250 is divided by 9?
7
What is the remainder when 258 is divided by 56?
34
What is the remainder when 118 is divided by 24?
22
Calculate the remainder when 141 is divided by 13.
11
What is the remainder when 245 is divided by 54?
29
Calculate the remainder when 165 is divided by 7.
4
Calculate the remainder when 1112 is divided by 70.
62
What is the remainder when 117 is divided by 8?
5
What is the remainder when 255 is divided by 56?
31
Calculate the remainder when 675 is divided by 13.
12
What is the remainder when 1331 is divided by 31?
29
What is the remainder when 716 is divided by 80?
76
What is the remainder when 564 is divided by 81?
78
What is the remainder when 1459 is divided by 87?
67
What is the remainder when 63 is divided by 25?
13
What is the remainder when 167 is divided by 7?
6
What is the remainder when 1706 is divided by 61?
59
What is the remainder when 381 is divided by 371?
10
Calculate the remainder when 181 is divided by 96.
85
Calculate the remainder when 75 is divided by 18.
3
Calculate the remainder when 2660 is divided by 291.
41
Calculate the remainder when 163 is divided by 74.
15
Calculate the remainder when 1432 is divided by 205.
202
What is the remainder when 4589 is divided by 164?
161
What is the remainder when 91 is divided by 11?
3
What is the remainder when 71 is divided by 16?
7
What is the remainder when 215 is divided by 73?
69
What is the remainder when 1000 is divided by 248?
8
What is the remainder when 2005 is divided by 99?
25
What is the remainder when 970 is divided by 196?
186
Calculate the remainder when 9118 is divided by 60.
58
What is the remainder when 44 is divided by 24?
20
What is the remainder when 2035 is divided by 97?
95
What is the remainder when 187 is divided by 81?
25
Calculate the remainder when 1611 is divided by 62.
61
Calculate the remainder when 106 is divided by 9.
7
Calculate the remainder when 8599 is divided by 61.
59
Calculate the remainder when 41 is divided by 14.
13
What is the remainder when 429 is divided by 429?
0
What is the remainder when 18 is divided by 9?
0
Calculate the remainder when 2275 is divided by 15.
10
What is the remainder when 21542 is divided by 19?
15
What is the remainder when 122 is divided by 31?
29
What is the remainder when 531 is divided by 41?
39
Calculate the remainder when 122 is divided by 5.
2
What is the remainder when 288 is divided by 141?
6
What is the remainder when 830 is divided by 304?
222
What is the remainder when 2619 is divided by 114?
111
Calculate the remainder when 1958 is divided by 18.
14
Calculate the remainder when 3292 is divided by 122.
120
What is the remainder when 504 is divided by 15?
9
What is the remainder when 487 is divided by 120?
7
What is the remainder when 148 is divided by 19?
15
What is the remainder when 124 is divided by 12?
4
What is the remainder when 235 is divided by 40?
35
What is the remainder when 4271 is divided by 89?
88
What is the remainder when 878 is divided by 100?
78
What is the remainder when 520 is divided by 83?
22
What is the remainder when 488 is divided by 63?
47
Calculate the remainder when 446 is divided by 28.
26
Calculate the remainder when 271 is divided by 72.
55
Calculate the remainder when 266 is divided by 18.
14
Calculate the remainder when 1420 is divided by 49.
48
Calculate the remainder when 580 is divided by 97.
95
What is the remainder when 59 is divided by 16?
11
Calculate the remainder when 279 is divided by 108.
63
Calculate the remainder when 504 is divided by 22.
20
Calculate the remainder when 1580 is divided by 17.
16
What is the remainder when 1243 is divided by 83?
81
Calculate the remainder when 230 is divided by 111.
8
Calculate the remainder when 3735 is divided by 37.
35
What is the remainder when 102 is divided by 24?
6
What is the remainder when 2026 is divided by 52?
50
What is the remainder when 102 is divided by 37?
28
Calculate the remainder when 7 is divided by 5.
2
Calculate the remainder when 4616 is divided by 28.
24
Calculate the remainder when 31 is divided by 17.
14
Calculate the remainder when 244 is divided by 61.
0
Calculate the remainder when 949 is divided by 68.
65
What is the remainder when 48 is divided by 5?
3
What is the remainder when 1753 is divided by 16?
9
Calculate the remainder when 211 is divided by 52.
3
What is the remainder when 86 is divided by 46?
40
What is the remainder when 1087 is divided by 219?
211
What is the remainder when 4616 is divided by 165?
161
Calculate the remainder when 184 is divided by 174.
10
Calculate the remainder when 3247 is divided by 4.
3
Calculate the remainder when 236 is divided by 2.
0
What is the remainder when 586 is divided by 83?
5
What is the remainder when 237 is divided by 130?
107
Calculate the remainder when 91 is divided by 11.
3
What is the remainder when 167 is divided by 3?
2
What is the remainder when 1856 is divided by 462?
8
Calculate the remainder when 92 is divided by 87.
5
Calculate the remainder when 844 is divided by 13.
12
Calculate the remainder when 100 is divided by 40.
20
Calculate the remainder when 17223 is divided by 107.
103
What is the remainder when 224 is divided by 79?
66
Calculate the remainder when 98 is divided by 11.
10
Calculate the remainder when 1485 is divided by 306.
261
Calculate the r